p(14). Suppose -12 = z*u + 6. List the prime factors of o(u).
2, 17
Suppose 65*i + 272 = 57*i. Let x(v) = -15*v - 226. List the prime factors of x(i).
2, 71
Let w be 8761/(-19) - 128/(-1216). Let o = w + 772. List the prime factors of o.
311
Let w(b) = 21*b - 11 - 4 + 11. Let l be w(7). Let d = l - 83. What are the prime factors of d?
2, 3, 5
Let h be 6 - 4 - (4 - 14). Suppose 4*l - 4*s - 702 = l, 0 = -4*s - h. List the prime factors of l.
2, 5, 23
Suppose 3*d - i = 59835, -139663 = -7*d - 12*i + 9*i. List the prime factors of d.
2, 4987
Suppose 4*w = 4*h - 3976, 4*w + 2984 = 3*h - w. Suppose -2*d - c = -4*c - 2008, 4*c = -d + h. What are the prime factors of d?
7, 11, 13
Let r(d) = d**2 - 4*d + 4. Let g be r(3). Let l be 2*g - (-17 + 17). List the prime factors of (l/5)/(-1*(-4)/940).
2, 47
Let c = -410 + 734. What are the prime factors of 5*1 - 27/(c/(-6888))?
3, 193
Let a = -93 - -104. Suppose a*r - 7*r - 796 = 0. Suppose -485 = -3*v + r. What are the prime factors of v?
2, 3, 19
Suppose 75 = 4*b - 3*m, -3*b + 50 = 2*m - 2. Let v(c) = 18*c + 33. List the prime factors of v(b).
3, 7, 17
Let v = -16042 + 28280. List the prime factors of v.
2, 29, 211
Suppose -3*i + 836 = n, 15 = -i + 6*i. Suppose -4*r = -3*f + 1087, -639 = -4*f - 3*r + n. What are the prime factors of f?
5, 73
Suppose 3*i + 3*q = 3690, 0 = 14*i - 15*i + 2*q + 1215. What are the prime factors of i?
5, 7
Let m = 2788 + -1903. Let d = m + -410. What are the prime factors of d?
5, 19
Suppose 5 = -5*a, -3*a - 19 = 3*j - 94. Let p = 120 + j. Suppose k = 4*i - 406, k - 46 + p = i. What are the prime factors of i?
2, 3, 17
Let t = 288 - 138. What are the prime factors of -1 + t + -42 + 42?
149
Suppose 4*b - m = -71, -5*b = -b - 2*m + 70. Let a = 644 + b. What are the prime factors of a?
2, 313
Suppose -2*p - 3*l + 101 = 0, 4*l = -4*p + 37 + 171. Let h = 48 - 9. Let r = p - h. What are the prime factors of r?
2
Suppose -5*g - 4*s = -83, 3*g = -6*s + 2*s + 53. Suppose -1756 - 3404 = -g*q. What are the prime factors of q?
2, 43
Let j be 2/6*(-133 + 49). What are the prime factors of 2/4 - 0 - 4718/j?
13
Let i = -5364 - -18968. What are the prime factors of i?
2, 19, 179
Let y = 182 + -115. Let q = 41 - y. Let d = q - -81. List the prime factors of d.
5, 11
Let w(m) = 30*m**2 - 6*m - 6. Suppose -2*n - 31 = -5*v, -5*n - 25 = -3*v + v. What are the prime factors of w(n)?
2, 3, 47
Let t(a) = -4*a**2 + 60*a + 12. Let x be t(12). Suppose -5*g + y + 557 = 0, 186 + x = 3*g + 2*y. List the prime factors of g.
2, 7
Let b(d) = -29*d**2 + 1112*d + 4. What are the prime factors of b(31)?
6607
Let v = -10651 + 20371. List the prime factors of v.
2, 3, 5
Let p(g) be the third derivative of g**5/20 - 5*g**4/12 - 16*g**3/3 - 84*g**2. What are the prime factors of p(12)?
2, 5, 7
Let p = 58 + -56. Suppose p*n - 14442 = 4*b, n + 10827 = -3*b - 2*n. List the prime factors of b/(-15) + 2/(-3).
2, 3, 5
Suppose 4*b - 17 = -4*a + 15, 5*a = b + 70. Suppose -12*h + a*h = 287. What are the prime factors of h?
7, 41
Suppose 184*k - 847700 = 156*k. List the prime factors of k.
5, 7, 173
Let a(q) = -q**3 + 5*q**2 + 16*q + 10. Let i be a(7). Suppose -i = -0*f - 12*f. Suppose 0*j + 12 = f*j. What are the prime factors of j?
2, 3
Let n = 30 + -30. Let k be n + (-2 + 28)/2. Suppose 4*v - 95 - k = 0. What are the prime factors of v?
3
Suppose -4*a - 5*b + 14609 = 0, 16*b - 20*b - 12 = 0. Suppose -4*v + 4*f = -a, -5*f = -6*f + 1. List the prime factors of v.
3, 5, 61
Suppose -16*a - 17693 = -53165. What are the prime factors of a?
3, 739
List the prime factors of (-15 + 7)*(48 - 2300).
2, 563
Let u(s) = -3 - 2*s - 3*s - 4 + 4*s. Let m be u(-2). List the prime factors of 46 - m*(-4)/10.
2, 11
Let m(q) = -3*q - 75. Let u be m(-17). What are the prime factors of -1 + (293/4 - 18/u)?
73
What are the prime factors of 2*(-82454)/(-28) + 10588/(-18529)?
3, 13, 151
Suppose -6*n = 4*n - 9550. Let i = -673 + n. What are the prime factors of i?
2, 3, 47
Suppose 3 = -k + 6. Let s(a) = 27*a + 43*a + 0*a + 17 + 49*a - 43*a. List the prime factors of s(k).
5, 7
Suppose -28*y - 7317 = -88825. What are the prime factors of y?
41, 71
Let t(s) = 4750*s - 61. List the prime factors of t(2).
9439
Let f be (4 + 0)*870/232. What are the prime factors of f/(-10) + 147/2?
2, 3
Suppose 4*r + 0*r - y = 35888, -5*r + 4*y = -44849. What are the prime factors of r?
3, 997
Let d = 1 - -4. Let t = -22272 + 22275. Suppose d*m - 560 = -t*m. What are the prime factors of m?
2, 5, 7
Let z = 269 - 290. List the prime factors of 188 - (-42)/z*(-1)/2.
3, 7
Let f = 39610 - 28183. What are the prime factors of f?
3, 13, 293
Let k = -11824 + 17696. List the prime factors of k.
2, 367
Let z be (-3)/(((-6)/(-8))/(-1)). Suppose -3*a + y - 8 = -4*a, 0 = -z*a - 3*y + 29. What are the prime factors of (a/(-2))/((-3)/18)?
3, 5
What are the prime factors of (0 + 1)/((-50431435)/(-1739014) + -29)?
2, 29983
Let f(u) = -112*u**2 + 112*u**2 + 259*u**3 - u. Let o be f(1). Suppose -b + 376 = 3*q, -q + 3*q = 3*b + o. List the prime factors of q.
2, 3, 7
Let d be ((-1592)/(-12))/(4/6). Suppose 5*x + 4*b - 422 = 3*x, 2*b = x - d. What are the prime factors of x?
5, 41
Let d = -221 - -215. List the prime factors of (-15)/d*(-5240)/(-25).
2, 131
Suppose 28 = 55*y - 51*y, j - 40373 = 2*y. List the prime factors of j.
40387
List the prime factors of 25 - (-5 + 18) - -40481.
40493
Let m = -8583 + 20244. What are the prime factors of m?
3, 13, 23
What are the prime factors of 1*10217*(207/(-483) + 20/14)?
17, 601
Let m(x) = -36*x**3 - 81*x**2 + 3*x + 16. What are the prime factors of m(-8)?
2, 5, 331
What are the prime factors of ((-16188)/12)/19*(-1266)/2?
3, 71, 211
Let g(q) = -2*q**2 + 25*q - 64. Let w be g(10). Let k(r) = 7*r**2 + 7*r - 74. What are the prime factors of k(w)?
2, 3, 5
Let g(t) = 4*t**2 - 4*t. Let c be g(2). What are the prime factors of c/148 + (-303836)/(-148)?
2053
Suppose 0 = d + 89*q - 84*q - 8746, 26292 = 3*d - 3*q. What are the prime factors of d?
8761
What are the prime factors of ((-257)/(-1))/((-7)/(-98))?
2, 7, 257
Let c(p) = -p**3 + 11*p**2 - 22*p - 1. Let j be c(8). Suppose -5*f - j = 0, -15*f + 12*f + 381 = 5*y. List the prime factors of y.
2, 3, 13
Let t be 0/(1 + (-1 - 2)). Suppose -r + 2602 - 931 = 3*o, -2*o + 2*r + 1114 = t. List the prime factors of o.
557
Let d(j) = -7*j + 3*j - 2335 + 2347. List the prime factors of d(-18).
2, 3, 7
Let b(j) = -j**3 - 3. Let z be b(-2). Suppose z*h + 25 = 0, -2*i = -i - h + 14. Let v = 26 + i. List the prime factors of v.
7
Suppose 219*d - 225*d = -42. Suppose -d*o - 57 = -295. What are the prime factors of o?
2, 17
Let z(t) = -2*t**3 + 29*t**2 - 39*t + 12. Let s be z(13). List the prime factors of 21*(676/s + 4).
7, 181
Let j(w) = w**2 + w - 12. Let b be j(6). Let u = -27 + b. Suppose -48 = -u*f + 240. List the prime factors of f.
2, 3
Let h be (-2)/((12/(-62))/(-3)). Let d = h + 33. What are the prime factors of (d/1)/(34/391)?
23
Suppose 3*n = -13*q + 18*q - 237494, -4*n = 3*q - 142450. List the prime factors of q.
2, 23747
Let q(v) = 230*v - 1505. What are the prime factors of q(77)?
5, 7, 463
Let o = 49980 - 30185. What are the prime factors of o?
5, 37, 107
Let u(x) = -23*x - 76. Let q be u(24). Let w = q - -895. List the prime factors of w.
3, 89
Suppose -5*f - 3*v = -162, v = -3*f - 4*v + 94. Let a = -31 + f. Suppose 6*s - 5*i - 99 = a*s, -5*s - 3*i = -133. List the prime factors of s.
2, 13
Let w = -17821 - -27336. List the prime factors of w.
5, 11, 173
Suppose -17295952 = 960*k - 1199*k. What are the prime factors of k?
2, 4523
Let x be (-224)/(-8)*133/1. Suppose 0 = -15*l + 22*l - x. List the prime factors of l.
2, 7, 19
Suppose 0 = -0*y + 3*y - 12. Suppose -3*j - 26 - 5 = -y*c, -3*c - 2*j = -2. Suppose -163 - 324 = -4*v + 3*s, 0 = -4*s - c. List the prime factors of v.
11
List the prime factors of (-9)/(((-2)/48)/(8125/45)).
2, 3, 5, 13
Let d be 192/(-18)*(-6)/2*1. Let x = d - 63. Let l = x + 141. What are the prime factors of l?
2, 5, 11
Suppose -43832 = 20*n + 20508. Let g = -1351 - n. What are the prime factors of g?
2, 3, 311
Let b(q) = -26*q - 6. Let i(r) = r**2 - 17*r + 15. Let w be i(16). What are the prime factors of b(w)?
2, 5
Let q(a) = 14*a**2 - a + 8*a**2 - 15*a - 2*a - 17*a. List the 